t b = -9 - -44. Suppose p + 2*i - 1 + 7 = 0, 5*p = 3*i + b. Suppose 4*d - 56 - 23 = -m, 4*m = -p. What is the tens digit of d?
2
Let y(u) = -u**3 + 3*u**2 - 13*u + 8. Let l be y(6). Let c = -68 - l. Suppose -2*o - k - 15 = -c, 0 = -4*k - 4. What is the tens digit of o?
4
Let v = -143 + 148. Suppose -v*w + 238 = -727. What is the hundreds digit of w?
1
Suppose -4*d + 4*a + 60137 = 19181, 4*a + 51201 = 5*d. What is the tens digit of d?
4
Let y(a) = 42*a - 59. Let j be y(25). Let i = 1420 - j. What is the tens digit of i?
2
Let q(u) = 5*u**3 + 3*u**2 - 6*u + 4. Let c = -143 - -144. Let z be q(c). Suppose -m = z*m - 1596. What is the hundreds digit of m?
2
Suppose 305776 = 5*h + 4*k, -57*h + 59*h - 5*k - 122284 = 0. What is the tens digit of h?
5
Suppose -n - 7254 = -9048. What is the hundreds digit of n?
7
Suppose 4*x + 28*l = 23*l - 342, 2*x + 170 = -2*l. Let p = x - -240. What is the hundreds digit of p?
1
What is the units digit of 152/20*((-211471)/(-26) - 6)?
9
Let a be (-565)/(-115) - 6/(-69). Suppose 0 = -w - a*r + 803, 5*w + 3*r - 3899 = 7*r. What is the tens digit of w?
8
Let n(c) = 340*c - 211. Let i be n(-11). Let q = -2678 - i. What is the tens digit of q?
7
What is the tens digit of (-1 - (-8)/(-4))/1 + (-44482)/(-1)?
7
Suppose 8*s - 3*s + 3075 = 0. Let u = s + 1084. What is the units digit of u?
9
Let p = -525 + 525. Suppose -3*r + 326 + 379 = p. What is the units digit of r?
5
Let z(p) = -2*p**2 + 21*p - 6. Let n be z(10). What is the tens digit of (4 + (n - (-27)/(-3)))*-123?
2
Suppose -4*a = 20, 0 = -2*i - 3*a - 10 + 67. Suppose -10*t + 2396 = i. What is the units digit of t?
6
Let j(q) = -132*q - 7*q**2 + 1 + 129*q + 6*q**2. Let t be j(-2). Suppose -t*r + 178 = -215. What is the tens digit of r?
3
What is the thousands digit of (-74391)/(-30) + 204/680?
2
What is the tens digit of (316 - 1)*(10 - 5)?
7
Let k(c) = 2*c**2 + 35*c + 40. Let w be (3/6)/((-15)/690). What is the tens digit of k(w)?
9
Suppose -h - 5 = -4. Let n(u) = u**3 + u**2 - 1. Let d(b) = -8*b**3 - b**2 - 3*b + 12. Let r(o) = h*d(o) - 6*n(o). What is the tens digit of r(4)?
5
Let a = -46 - 25. Let i(b) = 115*b - 268. Let y be i(3). Let j = y + a. What is the units digit of j?
6
Let y(k) = -5*k**2 - 10 + 3*k**3 + 3*k**2 + 4*k + 16 + k**3. What is the hundreds digit of y(6)?
8
Suppose 4 = -m, 3*r + m = -0*r + 73139. What is the ten thousands digit of r?
2
Let l(q) = -35*q**2 + 5*q + 12. Let r be l(-7). Let k = -1235 - r. Suppose k = 5*m - 82. What is the tens digit of m?
1
Let s(x) = x**2 + 18*x + 60. Let d be s(-14). Suppose d*a = 4*m - 7*m, -a - 4*m = 13. What is the units digit of a?
3
Suppose 4*q - 54064 = -12*q - 15*q. What is the thousands digit of q?
1
Let z = -21 + 24. Suppose 6 = 3*u - z. Suppose 0 = -5*j + u*m + 185, 5*j - 2*m - 103 = 82. What is the units digit of j?
7
Let s(p) = 8*p - 54. Let m be s(12). Suppose 0 = -2*j - m + 426. What is the units digit of j?
2
Let u = -29 + 5. Let n be 558/u*2*-2. Suppose 7*a - 33 = n. What is the units digit of a?
8
Let a = -54 + 57. Suppose i + a*b + 18 = 6, 0 = 3*i - 3*b - 12. Suppose i = -f + 178 - 53. What is the units digit of f?
5
Let s(p) = p**2 + 9*p. Let m be s(-9). Let v be (1 - -2) + -3 + m. Suppose 4*d + 1 + 3 = 0, 4*f + 5*d - 379 = v. What is the units digit of f?
6
Let g be (0 + 6)*(6 - (-349)/(-2)). Let f = -656 - g. What is the units digit of f?
5
Let y(k) = 0*k + 15 + k**2 - 22*k - 4. What is the units digit of y(22)?
1
Let p = 80 - 78. Let s(u) = 202 - 2*u + 30*u**p - 204 + 41*u**2. What is the units digit of s(-1)?
1
Let o be (4 - 20)*2/(-8). Suppose r = o*d + 198, -4*r - 4*d + 348 = -2*r. Suppose 3*g = -i + 361, 3*g = -2*i + r + 177. What is the units digit of g?
1
Let b(z) = z**3 + 24*z**2 - 6*z - 21. Let n = -217 + 193. What is the units digit of b(n)?
3
Let s = 82 - -90. Suppose 2*k + 0*k - s = 0. Suppose m = -m + k. What is the units digit of m?
3
Let r be (0 - (-28)/5) + 6/15. Suppose 1377 = 12*i - 9*i. Suppose r*g - 1965 = -i. What is the hundreds digit of g?
2
Suppose 2*a - 4*t - 24 = 0, 0 = a - 4*a + t + 51. Suppose 12 = x - a. Suppose -6*b + x = -b. What is the units digit of b?
6
Let i(a) = -19*a**3 - 9*a**2 + a + 3. Let w be i(-3). Let n = 2248 - w. What is the hundreds digit of n?
8
What is the tens digit of (8455 - -10) + 3/(6/(-8))?
6
Let c = -970 + 2632. What is the hundreds digit of c?
6
Suppose 27*v - 21*v = 12. Suppose v*y + 40 = 12*y. What is the tens digit of 11 + y - 0/(2 + -1)?
1
Let q be ((-2)/10*0 - -2)/(-1). Suppose -7*m + 175 = -2*m. Let v = m - q. What is the tens digit of v?
3
Let z = 49 + -25. Suppose z*o = 26*o - 494. What is the hundreds digit of o?
2
Let i = 2065 - 1594. Let w = 3 + 0. Suppose 0 = -w*o + i - 159. What is the hundreds digit of o?
1
Let r(d) = -10*d + 157. Let a be r(14). Suppose a*y + 4*m - 920 = 14*y, 2*y - 611 = -5*m. What is the tens digit of y?
0
Let r(f) = 912*f**2 - 32*f - 31. Suppose 36*k + 39 - 3 = 0. What is the tens digit of r(k)?
1
Let v(p) = 4*p**3 - 3*p**2 + 2*p - 2. Let z be v(2). Suppose 3*o + 4*q = 7*q - 18, -3*o + q - z = 0. Let w(n) = -13*n - 6. What is the tens digit of w(o)?
9
Suppose -40*i + 12*i = -22*i - 149586. What is the units digit of i?
1
Let c = 346 - 343. What is the hundreds digit of ((-759)/92)/((c - 2)/(-92))?
7
Let b be 1*(6/(-2) - -2). Let t be b/(-3) - (-1158)/9. Let x = -71 + t. What is the tens digit of x?
5
Suppose -5*q - m - 4*m = -9275, q - m - 1845 = 0. What is the units digit of q?
0
Suppose -69*s - 20*s + 1114575 = -14*s. What is the thousands digit of s?
4
Let u(q) = -15*q**3 - 3*q**2 + q - 4. Let y(z) = 61*z**3 + 10*z**2 - 4*z + 15. Let r(c) = -22*u(c) - 6*y(c). What is the tens digit of r(-2)?
0
Let g(y) = -3*y**2 - 2*y + 1. Let r be g(-3). Let j(n) = -n + 37. Let w be j(-6). Let h = r + w. What is the tens digit of h?
2
Suppose 132*f - 143*f + 33 = 0. Suppose f*g + 756 = 2*h - g, 0 = 3*h - 3*g - 1146. What is the hundreds digit of h?
3
Let v(q) = 31*q - 35. Let i(j) = 63*j - 65. Let x(a) = -4*i(a) + 7*v(a). Suppose -1 - 13 = 2*g. What is the units digit of x(g)?
0
Let f(d) = 14*d**2 + 6*d. Let u = -168 - -173. What is the hundreds digit of f(u)?
3
Suppose -64*w = -196571 - 362981. What is the tens digit of w?
4
Suppose -1729*r + 1732*r = 49221. What is the units digit of r?
7
Let j = -14 - -79. Suppose -m + j + 19 = 0. What is the units digit of m?
4
Suppose h + 11 = 5*b - 13, 3*b - 14 = h. Suppose -b*t - 7 = 18. Let w(n) = n**2 - 12. What is the units digit of w(t)?
3
Suppose 59976*t - 439838 = 59962*t. What is the tens digit of t?
1
Let j(l) = -l - 5. Let i be j(-9). Suppose -39 + 455 = i*p. Suppose 298 = -0*s + 3*s - z, 2*z - p = -s. What is the hundreds digit of s?
1
Let j = -9018 - -11327. What is the tens digit of j?
0
Suppose 0 = -4*n - 3*w + 4268, -3573 = -2*n - 5*w - 1453. What is the tens digit of n?
7
Let z = 28914 - 20048. What is the thousands digit of z?
8
Suppose -1273725 = -18*s - 117*s. What is the hundreds digit of s?
4
Suppose -l + 2790 = -4*r - 1610, 4*r - 8812 = -2*l. What is the units digit of l?
4
Suppose -48*c - 16*c = -94*c + 64350. What is the hundreds digit of c?
1
Suppose b + b + 42 = -4*h, -32 = 3*h + b. Let q be (-2)/(-6*(64/(-12) + 5)). What is the units digit of (q - (h + -2))*(-8)/(-1)?
6
Let a be ((-3)/12)/(7/28) + 10293. Suppose 5*c - a = c. Suppose 0 = -14*n + c - 81. What is the tens digit of n?
7
Let l be 4 + 8/(-4)*-24. Suppose 50 = 4*k - 262. Let d = k - l. What is the units digit of d?
6
Let v(y) = -274*y - 5. Let d be (2 + 0)/(-1*2). What is the tens digit of v(d)?
6
Let n(f) = -150 + 29*f + 0*f + 35*f + 477. What is the units digit of n(14)?
3
Let w = 796 - 2208. Let y = w + 2098. What is the units digit of y?
6
Let u(o) = 2118*o + 11267. What is the tens digit of u(20)?
2
Let q = 35 - 14. Let z(x) = -q*x + 19*x - 3 + 78*x**3 + 1 + x**2 + 4. What is the units digit of z(1)?
9
Suppose 31*t + 2431 = 35*t + 5*w, -t + 4*w = -613. What is the hundreds digit of t?
6
Suppose -3*n + 86 = 110. What is the hundreds digit of (-2)/(11/(132/n)) + 730?
7
Suppose 73*u = 393535 + 2636. What is the hundreds digit of u?
4
Suppose b = 16 + 15. Let z = b - 24. Suppose -z*g - 735 = -12*g. What is the tens digit of g?
4
Let r be (14 - 16)/((-2)/5). Suppose 0 = -r*f - u + 1097, 3